{"id":4636,"date":"2023-08-04T23:03:47","date_gmt":"2023-08-04T21:03:47","guid":{"rendered":"http:\/\/www.buerobrendel.de\/?page_id=4636"},"modified":"2023-08-15T15:46:10","modified_gmt":"2023-08-15T13:46:10","slug":"bb_nebenbei","status":"publish","type":"page","link":"http:\/\/www.buerobrendel.de\/?page_id=4636","title":{"rendered":"BB_P03_Nebenbei"},"content":{"rendered":"<p>[vc_row row_content_width=&#8220;grid&#8220;][vc_column][rev_slider_vc alias=&#8220;slider_03_nebenbei&#8220; enable_paspartu=&#8220;no&#8220;][\/vc_column][\/vc_row][vc_row row_content_width=&#8220;grid&#8220; css=&#8220;.vc_custom_1691151303457{padding-top: 68px !important;padding-bottom: 152px !important;}&#8220;][vc_column width=&#8220;2\/5&#8243; offset=&#8220;vc_col-lg-2\/5 vc_col-md-2\/5&#8243;]<div class=\"edgtf-section-title-holder  edgtf-st-enable-indentation edgtf-st-enable-title-mark\" >\n\t<div class=\"edgtf-st-inner\">\n\t\t\t\t\t<h6 class=\"edgtf-st-title\" >\n\t\t\t\tdie nebenbei-di\u00e4t\t\t\t<\/h6>\n\t\t\t\t\t<\/div>\n<\/div><div class=\"edgtf-elements-holder   edgtf-one-column  edgtf-responsive-mode-768 \" ><div class=\"edgtf-eh-item    \"  data-item-class=\"edgtf-eh-custom-1602\" >\n\t<div class=\"edgtf-eh-item-inner\">\n\t\t<div class=\"edgtf-eh-item-content edgtf-eh-custom-1602\" style=\"padding: 0 5px 0 0px\">\n\t\t\t[vc_column_text]<\/p>\n<h3>Schlank werden f\u00fcr zwischendurch<\/h3>\n<p>[\/vc_column_text]\t\t<\/div>\n\t<\/div>\n<\/div><\/div>[\/vc_column][vc_column width=&#8220;3\/5&#8243; offset=&#8220;vc_col-lg-3\/5 vc_col-md-3\/5&#8243;]<div class=\"edgtf-elements-holder   edgtf-one-column  edgtf-responsive-mode-768 \" ><div class=\"edgtf-eh-item    \"  data-item-class=\"edgtf-eh-custom-1053\">\n\t<div class=\"edgtf-eh-item-inner\">\n\t\t<div class=\"edgtf-eh-item-content edgtf-eh-custom-1053\" style=\"padding: 48px 0 0 0\">\n\t\t\t[vc_column_text]\u00dcber 150.000 verkaufte Exemplare, Spitzenplatz in den amazon-Charts, dazu mehrere Lizensierungen ins Ausland: \u201eDie Nebenbei-Di\u00e4t\u201c wurde ein richtiger Bestseller! Der Ern\u00e4hrungsratgeber der Stiftung Warentest zeigt auf unterhaltsame Weise, wie man ohne Stress abnehmen kann. Ein ebenso sch\u00f6ner Nachfolgeband richtet sich an Berufst\u00e4tige. Au\u00dferdem gibt es noch ein Kochbuch.<\/p>\n<p>Ich entwickelte den einpr\u00e4gsamen Name und das innovative Grundlayout: auf bebilderten Doppelseiten stehen links Kalorienfallen den vergleichbaren, aber ges\u00fcnderen Alternativen auf der rechten Seite gegen\u00fcber. Sch\u00f6n war, dass es so viele begeisterte amazon-Rezensionen zu lesen gab:<\/p>\n<blockquote><p>\u201eEin tolles Buch. Sch\u00f6ne Bilder, gut gemacht, sehr ansprechend und soooo einfach zu verstehen.\u201c<\/p>\n<p>\u201ePositiv f\u00e4llt zudem auf, dass die \u201eNebenbei-Di\u00e4t\u201c witzig und treffend gelayoutet und illustriert ist und Lust darauf macht, darin herumzubl\u00e4ttern. Durch die lockere Aufmachung, die vielen Fotos und die praktischen, kurz und knackig gehaltenen Ern\u00e4hrungstipps bietet sich das Buch auf jeden Fall auch als Geschenk an.\u201c<\/p><\/blockquote>\n<p>[\/vc_column_text]<a itemprop=\"url\" href=\"http:\/\/www.buerobrendel.de\/?page_id=4675\" target=\"_self\" style=\"color: #77746b;margin: 40px 0px 0px 530px\" class=\"edgtf-btn edgtf-btn-medium edgtf-btn-outline edgtf-btn-custom-hover-color\" data-hover-color=\"#e7e7dc\" >\n    <span class=\"edgtf-btn-text\">n\u00e4chstes Projekt \u2026<\/span>    <\/a>\t\t<\/div>\n\t<\/div>\n<\/div><\/div>[\/vc_column][\/vc_row][vc_column offset=&#8220;vc_col-lg-4 vc_col-md-4&#8243;][\/vc_column]<\/p>\n","protected":false},"excerpt":{"rendered":"<p>[vc_row row_content_width=&#8220;grid&#8220;][vc_column][rev_slider_vc alias=&#8220;slider_03_nebenbei&#8220; enable_paspartu=&#8220;no&#8220;][\/vc_column][\/vc_row][vc_row row_content_width=&#8220;grid&#8220; css=&#8220;.vc_custom_1691151303457{padding-top: 68px !important;padding-bottom: 152px !important;}&#8220;][vc_column width=&#8220;2\/5&#8243; offset=&#8220;vc_col-lg-2\/5 vc_col-md-2\/5&#8243;][\/vc_column][vc_column width=&#8220;3\/5&#8243; offset=&#8220;vc_col-lg-3\/5 vc_col-md-3\/5&#8243;][\/vc_column][\/vc_row][vc_column offset=&#8220;vc_col-lg-4 vc_col-md-4&#8243;][\/vc_column]<\/p>\n","protected":false},"author":1,"featured_media":0,"parent":0,"menu_order":0,"comment_status":"closed","ping_status":"closed","template":"full-width.php","meta":{"footnotes":""},"class_list":["post-4636","page","type-page","status-publish","hentry"],"_links":{"self":[{"href":"http:\/\/www.buerobrendel.de\/index.php?rest_route=\/wp\/v2\/pages\/4636","targetHints":{"allow":["GET"]}}],"collection":[{"href":"http:\/\/www.buerobrendel.de\/index.php?rest_route=\/wp\/v2\/pages"}],"about":[{"href":"http:\/\/www.buerobrendel.de\/index.php?rest_route=\/wp\/v2\/types\/page"}],"author":[{"embeddable":true,"href":"http:\/\/www.buerobrendel.de\/index.php?rest_route=\/wp\/v2\/users\/1"}],"replies":[{"embeddable":true,"href":"http:\/\/www.buerobrendel.de\/index.php?rest_route=%2Fwp%2Fv2%2Fcomments&post=4636"}],"version-history":[{"count":14,"href":"http:\/\/www.buerobrendel.de\/index.php?rest_route=\/wp\/v2\/pages\/4636\/revisions"}],"predecessor-version":[{"id":5101,"href":"http:\/\/www.buerobrendel.de\/index.php?rest_route=\/wp\/v2\/pages\/4636\/revisions\/5101"}],"wp:attachment":[{"href":"http:\/\/www.buerobrendel.de\/index.php?rest_route=%2Fwp%2Fv2%2Fmedia&parent=4636"}],"curies":[{"name":"wp","href":"https:\/\/api.w.org\/{rel}","templated":true}]}}