{"id":4777,"date":"2023-08-12T23:52:02","date_gmt":"2023-08-12T21:52:02","guid":{"rendered":"http:\/\/www.buerobrendel.de\/?page_id=4777"},"modified":"2023-08-17T13:30:45","modified_gmt":"2023-08-17T11:30:45","slug":"bb_p12_bdb","status":"publish","type":"page","link":"http:\/\/www.buerobrendel.de\/?page_id=4777","title":{"rendered":"BB_P12_BdB"},"content":{"rendered":"<p>[vc_row row_content_width=&#8220;grid&#8220; css=&#8220;.vc_custom_1692087679179{padding-bottom: 242px !important;}&#8220;][vc_column width=&#8220;3\/5&#8243; offset=&#8220;vc_col-lg-3\/5 vc_col-md-3\/5&#8243;][rev_slider_vc alias=&#8220;slider_12_bdb-1&#8243; enable_paspartu=&#8220;no&#8220;][\/vc_column][vc_column width=&#8220;2\/5&#8243;]<div class=\"edgtf-section-title-holder  edgtf-st-enable-indentation edgtf-st-enable-title-mark\" >\n\t<div class=\"edgtf-st-inner\">\n\t\t\t\t\t<h6 class=\"edgtf-st-title\" >\n\t\t\t\tberlin der begegnung\t\t\t<\/h6>\n\t\t\t\t\t<\/div>\n<\/div><div class=\"edgtf-elements-holder   edgtf-one-column  edgtf-responsive-mode-768 \" ><div class=\"edgtf-eh-item    \"  data-item-class=\"edgtf-eh-custom-6858\">\n\t<div class=\"edgtf-eh-item-inner\">\n\t\t<div class=\"edgtf-eh-item-content edgtf-eh-custom-6858\" >\n\t\t\t[vc_column_text]<\/p>\n<h3>Verbinden und verkn\u00fcpfen<\/h3>\n<p>[\/vc_column_text][vc_empty_space height=&#8220;30px&#8220;][vc_column_text]<span style=\"font-size: 18px; line-height: 26px;\">\u201eBerlin der Begegnung\u201c ist ein interdisziplin\u00e4rer Workshop, bei dem junge Wissenschaftler, Unternehmer und K\u00fcnstler auf namhafte Pers\u00f6nlichkeiten treffen. <\/span><span style=\"font-size: 18px; line-height: 26px;\">Die von mir entwickelte Wortmarke spielt auf das lose Verkn\u00fcpfen bei diesen Begegnungen \u2014 Netzwerken ist alles!<\/span>[\/vc_column_text]<a itemprop=\"url\" href=\"http:\/\/www.buerobrendel.de\/?page_id=4831\" target=\"_self\" style=\"color: #77746b;margin: 60px 0px 0px 130px\" class=\"edgtf-btn edgtf-btn-medium edgtf-btn-outline edgtf-btn-custom-hover-color\" data-hover-color=\"#e7e7dc\" >\n    <span class=\"edgtf-btn-text\">n\u00e4chstes Projekt \u2026<\/span>    <\/a>\t\t<\/div>\n\t<\/div>\n<\/div><\/div>[\/vc_column][\/vc_row][vc_column offset=&#8220;vc_col-lg-4 vc_col-md-4&#8243;][\/vc_column]<\/p>\n","protected":false},"excerpt":{"rendered":"<p>[vc_row row_content_width=&#8220;grid&#8220; css=&#8220;.vc_custom_1692087679179{padding-bottom: 242px !important;}&#8220;][vc_column width=&#8220;3\/5&#8243; offset=&#8220;vc_col-lg-3\/5 vc_col-md-3\/5&#8243;][rev_slider_vc alias=&#8220;slider_12_bdb-1&#8243; enable_paspartu=&#8220;no&#8220;][\/vc_column][vc_column width=&#8220;2\/5&#8243;][\/vc_column][\/vc_row][vc_column offset=&#8220;vc_col-lg-4 vc_col-md-4&#8243;][\/vc_column]<\/p>\n","protected":false},"author":1,"featured_media":0,"parent":0,"menu_order":0,"comment_status":"closed","ping_status":"closed","template":"full-width.php","meta":{"footnotes":""},"class_list":["post-4777","page","type-page","status-publish","hentry"],"_links":{"self":[{"href":"http:\/\/www.buerobrendel.de\/index.php?rest_route=\/wp\/v2\/pages\/4777","targetHints":{"allow":["GET"]}}],"collection":[{"href":"http:\/\/www.buerobrendel.de\/index.php?rest_route=\/wp\/v2\/pages"}],"about":[{"href":"http:\/\/www.buerobrendel.de\/index.php?rest_route=\/wp\/v2\/types\/page"}],"author":[{"embeddable":true,"href":"http:\/\/www.buerobrendel.de\/index.php?rest_route=\/wp\/v2\/users\/1"}],"replies":[{"embeddable":true,"href":"http:\/\/www.buerobrendel.de\/index.php?rest_route=%2Fwp%2Fv2%2Fcomments&post=4777"}],"version-history":[{"count":7,"href":"http:\/\/www.buerobrendel.de\/index.php?rest_route=\/wp\/v2\/pages\/4777\/revisions"}],"predecessor-version":[{"id":5217,"href":"http:\/\/www.buerobrendel.de\/index.php?rest_route=\/wp\/v2\/pages\/4777\/revisions\/5217"}],"wp:attachment":[{"href":"http:\/\/www.buerobrendel.de\/index.php?rest_route=%2Fwp%2Fv2%2Fmedia&parent=4777"}],"curies":[{"name":"wp","href":"https:\/\/api.w.org\/{rel}","templated":true}]}}