{"id":4893,"date":"2023-08-14T12:38:34","date_gmt":"2023-08-14T10:38:34","guid":{"rendered":"http:\/\/www.buerobrendel.de\/?page_id=4893"},"modified":"2023-09-20T10:59:42","modified_gmt":"2023-09-20T08:59:42","slug":"bb_p19_bildrecherche","status":"publish","type":"page","link":"http:\/\/www.buerobrendel.de\/?page_id=4893","title":{"rendered":"BB_P19_Bildrecherche"},"content":{"rendered":"<p>[vc_row row_content_width=&#8220;grid&#8220;][vc_column][rev_slider_vc alias=&#8220;slider_19_bildrecherche&#8220; enable_paspartu=&#8220;no&#8220;][\/vc_column][\/vc_row][vc_row row_content_width=&#8220;grid&#8220; css=&#8220;.vc_custom_1692006302817{padding-top: 68px !important;padding-right: 200px !important;padding-bottom: 152px !important;}&#8220;][vc_column width=&#8220;1\/3&#8243;]<div class=\"edgtf-section-title-holder  edgtf-st-enable-indentation edgtf-st-enable-title-mark\" >\n\t<div class=\"edgtf-st-inner\">\n\t\t\t\t\t<h6 class=\"edgtf-st-title\" >\n\t\t\t\tbildrecherche\t\t\t<\/h6>\n\t\t\t\t\t<\/div>\n<\/div><div class=\"edgtf-elements-holder   edgtf-one-column  edgtf-responsive-mode-768 \" ><div class=\"edgtf-eh-item    \"  data-item-class=\"edgtf-eh-custom-6097\" >\n\t<div class=\"edgtf-eh-item-inner\">\n\t\t<div class=\"edgtf-eh-item-content edgtf-eh-custom-6097\" style=\"padding: 0 5px 0 0px\">\n\t\t\t[vc_column_text]<\/p>\n<h3 class=\"LC20lb MBeuO DKV0Md\">Visuelle Inhalte zielgenau finden<\/h3>\n<p>[\/vc_column_text]\t\t<\/div>\n\t<\/div>\n<\/div><\/div>[\/vc_column][vc_column width=&#8220;2\/3&#8243;]<div class=\"edgtf-elements-holder   edgtf-one-column  edgtf-responsive-mode-768 \" ><\/div>[vc_column_text]Nette Bilder ohne inhaltlichen Bezug neben Text zu stellen sehe ich, sorry, durchaus als vertane Chance. Wie viel unmittelbarer und wirkungsvoller lassen sich Themen mit einem schl\u00fcssigen Bildkonzept darstellen! Neben reiner Bildrecherche nach Vorgaben entwickele ich auch visuelle Konzepte, die mit typografischen Mitteln oder mit Vektorgrafiken arbeiten.[\/vc_column_text][vc_empty_space][\/vc_column][vc_column width=&#8220;2\/3&#8243;]<div class=\"edgtf-accordion-holder edgtf-ac-default  edgtf-toggle edgtf-ac-simple  clearfix\">\n\t<h5 class=\"edgtf-accordion-title\">\n    <span class=\"edgtf-accordion-mark\">\n\t\t<span class=\"edgtf_icon_plus icon_plus\"><\/span>\n\t\t<span class=\"edgtf_icon_minus icon_minus-06\"><\/span>\n\t<\/span>\n\t<span class=\"edgtf-tab-title\">Entwicklung<\/span>\n<\/h5>\n<div class=\"edgtf-accordion-content\">\n\t<div class=\"edgtf-accordion-content-inner\">\n\t\t[vc_column_text]Auf Briefingbasis oder im Gespr\u00e4ch mit Ihnen schaue ich, welche Botschaften transportiert und welche Leserschaft erreicht werden soll. Auf dieser Basis entwickle ich passende und pr\u00e4gnante Bildideen.[\/vc_column_text]\t<\/div>\n<\/div><h5 class=\"edgtf-accordion-title\">\n    <span class=\"edgtf-accordion-mark\">\n\t\t<span class=\"edgtf_icon_plus icon_plus\"><\/span>\n\t\t<span class=\"edgtf_icon_minus icon_minus-06\"><\/span>\n\t<\/span>\n\t<span class=\"edgtf-tab-title\">Motivrecherche<\/span>\n<\/h5>\n<div class=\"edgtf-accordion-content\">\n\t<div class=\"edgtf-accordion-content-inner\">\n\t\t[vc_column_text]In vorher festgelegten Bilddatenbanken recherchiere ich f\u00fcr Sie nach den passenden und bezahlbaren Visuals f\u00fcr Ihr Bildkonzept. Bei Bedarf \u00fcbernehme ich die sorgf\u00e4ltige Lizensierung.[\/vc_column_text]\t<\/div>\n<\/div><h5 class=\"edgtf-accordion-title\">\n    <span class=\"edgtf-accordion-mark\">\n\t\t<span class=\"edgtf_icon_plus icon_plus\"><\/span>\n\t\t<span class=\"edgtf_icon_minus icon_minus-06\"><\/span>\n\t<\/span>\n\t<span class=\"edgtf-tab-title\">Bildbearbeitung<\/span>\n<\/h5>\n<div class=\"edgtf-accordion-content\">\n\t<div class=\"edgtf-accordion-content-inner\">\n\t\t[vc_column_text]<\/p>\n<div id=\"ui-id-116\" class=\"qodef-accordion-content ui-accordion-content ui-helper-reset ui-widget-content ui-corner-bottom ui-accordion-content-active\" role=\"tabpanel\" aria-labelledby=\"ui-id-15\" aria-hidden=\"false\">\n<div class=\"qodef-accordion-content-inner\">\n<div class=\"wpb_text_column wpb_content_element \">\n<div class=\"wpb_wrapper\">\n<p>Oft werden Bilder aus verschiedenen Quellen und mit unterschiedlicher Qualit\u00e4t genutzt. Sp\u00e4testens dann f\u00fchrt kein Weg an einer professionellen Bildbearbeitung und -retusche vorbei. Ich gleiche s\u00e4mtliche Bilder einer Reihe untereinander an und stelle farbliche Bez\u00fcge her.<\/p>\n<\/div>\n<\/div>\n<\/div>\n<\/div>\n<p>[\/vc_column_text]\t<\/div>\n<\/div><\/div><a itemprop=\"url\" href=\"http:\/\/www.buerobrendel.de\/?page_id=4781\" target=\"_self\" style=\"color: #77746b;margin: 20px 0px 0px 450px\" class=\"edgtf-btn edgtf-btn-medium edgtf-btn-outline edgtf-btn-custom-hover-color\" data-hover-color=\"#e7e7dc\" >\n    <span class=\"edgtf-btn-text\">n\u00e4chstes Projekt \u2026<\/span>    <\/a>[\/vc_column][\/vc_row][vc_row][vc_column][vc_empty_space height=&#8220;152px&#8220;][\/vc_column][\/vc_row]<\/p>\n","protected":false},"excerpt":{"rendered":"<p>[vc_row row_content_width=&#8220;grid&#8220;][vc_column][rev_slider_vc alias=&#8220;slider_19_bildrecherche&#8220; enable_paspartu=&#8220;no&#8220;][\/vc_column][\/vc_row][vc_row row_content_width=&#8220;grid&#8220; css=&#8220;.vc_custom_1692006302817{padding-top: 68px !important;padding-right: 200px !important;padding-bottom: 152px !important;}&#8220;][vc_column width=&#8220;1\/3&#8243;][\/vc_column][vc_column width=&#8220;2\/3&#8243;][vc_column_text]Nette Bilder ohne inhaltlichen Bezug neben Text zu stellen sehe ich, sorry, durchaus als vertane Chance. Wie viel unmittelbarer und wirkungsvoller lassen sich Themen mit einem schl\u00fcssigen Bildkonzept darstellen! Neben reiner Bildrecherche nach Vorgaben entwickele ich auch visuelle Konzepte, die mit typografischen Mitteln oder mit Vektorgrafiken arbeiten.[\/vc_column_text][vc_empty_space][\/vc_column][vc_column width=&#8220;2\/3&#8243;][\/vc_column][\/vc_row][vc_row][vc_column][vc_empty_space height=&#8220;152px&#8220;][\/vc_column][\/vc_row]<\/p>\n","protected":false},"author":1,"featured_media":0,"parent":0,"menu_order":0,"comment_status":"closed","ping_status":"closed","template":"full-width.php","meta":{"footnotes":""},"class_list":["post-4893","page","type-page","status-publish","hentry"],"_links":{"self":[{"href":"http:\/\/www.buerobrendel.de\/index.php?rest_route=\/wp\/v2\/pages\/4893","targetHints":{"allow":["GET"]}}],"collection":[{"href":"http:\/\/www.buerobrendel.de\/index.php?rest_route=\/wp\/v2\/pages"}],"about":[{"href":"http:\/\/www.buerobrendel.de\/index.php?rest_route=\/wp\/v2\/types\/page"}],"author":[{"embeddable":true,"href":"http:\/\/www.buerobrendel.de\/index.php?rest_route=\/wp\/v2\/users\/1"}],"replies":[{"embeddable":true,"href":"http:\/\/www.buerobrendel.de\/index.php?rest_route=%2Fwp%2Fv2%2Fcomments&post=4893"}],"version-history":[{"count":25,"href":"http:\/\/www.buerobrendel.de\/index.php?rest_route=\/wp\/v2\/pages\/4893\/revisions"}],"predecessor-version":[{"id":5257,"href":"http:\/\/www.buerobrendel.de\/index.php?rest_route=\/wp\/v2\/pages\/4893\/revisions\/5257"}],"wp:attachment":[{"href":"http:\/\/www.buerobrendel.de\/index.php?rest_route=%2Fwp%2Fv2%2Fmedia&parent=4893"}],"curies":[{"name":"wp","href":"https:\/\/api.w.org\/{rel}","templated":true}]}}